{"id":70,"date":"2024-11-02T13:12:31","date_gmt":"2024-11-02T12:12:31","guid":{"rendered":"https:\/\/repartygames.com\/?post_type=product&#038;p=70"},"modified":"2025-05-20T17:39:03","modified_gmt":"2025-05-20T15:39:03","slug":"entregalo-si-puedes","status":"publish","type":"product","link":"https:\/\/repartygames.com\/?product=entregalo-si-puedes","title":{"rendered":"Entr\u00e9galo, si puedes"},"content":{"rendered":"<p><iframe title=\"C\u00f3mo jugar a &quot;Entr\u00e9galo, si puedes&quot;.\" width=\"500\" height=\"375\" src=\"https:\/\/www.youtube.com\/embed\/U8USL2LKGkg?feature=oembed\" frameborder=\"0\" allow=\"accelerometer; autoplay; clipboard-write; encrypted-media; gyroscope; picture-in-picture; web-share\" referrerpolicy=\"strict-origin-when-cross-origin\" allowfullscreen><\/iframe><\/p>\n<p><strong>\u00a1Entrega tus cajas! \u00a1Entr\u00e9galas r\u00e1pido!<\/strong><\/p>\n<p>\u00bfQue por qu\u00e9? Porque eso es lo que hacen los repartidores.<\/p>\n<p>\u00danete a la empresa Reparty y lucha por el t\u00edtulo de empleado del mes. S\u00f3lo tendr\u00e1s que entregar 4 cajas, nada m\u00e1s&#8230; \u00bfY d\u00f3nde est\u00e1 el truco? Bueno, no eres el \u00fanico que quiere conseguir ese reconocimiento.<\/p>\n<p>Para ganar tendr\u00e1s que darte prisa, proteger tus cajas y, \u00a1sabotear a tus compa\u00f1eros en cuanto puedas! \u00a1Ellos no dudar\u00e1n en impedir tus entregas!<\/p>\n<p>Contenido: libro de instrucciones y baraja con 73 cartas.<\/p>\n<p><span style=\"color: #008000;\"><strong>Hay unidades limitadas \u00a1no te quedes sin tu juego!<\/strong><\/span><\/p>\n","protected":false},"excerpt":{"rendered":"<p>De 4 a 6 jugadores. A partir de 8 a\u00f1os. Duraci\u00f3n de la partida entre 8 y 20 minutos.<\/p>\n<p><span style=\"color: #993300;\"><strong>Para unirte a la plantilla de la empresa Reparty, sigue leyendo \ud83d\ude42<\/strong><\/span><\/p>\n","protected":false},"featured_media":217,"comment_status":"open","ping_status":"closed","template":"","meta":[],"product_brand":[],"product_cat":[20],"product_tag":[26,22,25,29,21],"class_list":{"0":"post-70","1":"product","2":"type-product","3":"status-publish","4":"has-post-thumbnail","6":"product_cat-juegos","7":"product_tag-amigos","8":"product_tag-cartas","9":"product_tag-familiar","10":"product_tag-juego","11":"product_tag-juego-de-cartas","13":"first","14":"instock","15":"purchasable","16":"product-type-simple"},"jetpack_sharing_enabled":true,"_links":{"self":[{"href":"https:\/\/repartygames.com\/index.php?rest_route=\/wp\/v2\/product\/70","targetHints":{"allow":["GET"]}}],"collection":[{"href":"https:\/\/repartygames.com\/index.php?rest_route=\/wp\/v2\/product"}],"about":[{"href":"https:\/\/repartygames.com\/index.php?rest_route=\/wp\/v2\/types\/product"}],"replies":[{"embeddable":true,"href":"https:\/\/repartygames.com\/index.php?rest_route=%2Fwp%2Fv2%2Fcomments&post=70"}],"wp:featuredmedia":[{"embeddable":true,"href":"https:\/\/repartygames.com\/index.php?rest_route=\/wp\/v2\/media\/217"}],"wp:attachment":[{"href":"https:\/\/repartygames.com\/index.php?rest_route=%2Fwp%2Fv2%2Fmedia&parent=70"}],"wp:term":[{"taxonomy":"product_brand","embeddable":true,"href":"https:\/\/repartygames.com\/index.php?rest_route=%2Fwp%2Fv2%2Fproduct_brand&post=70"},{"taxonomy":"product_cat","embeddable":true,"href":"https:\/\/repartygames.com\/index.php?rest_route=%2Fwp%2Fv2%2Fproduct_cat&post=70"},{"taxonomy":"product_tag","embeddable":true,"href":"https:\/\/repartygames.com\/index.php?rest_route=%2Fwp%2Fv2%2Fproduct_tag&post=70"}],"curies":[{"name":"wp","href":"https:\/\/api.w.org\/{rel}","templated":true}]}}